(-11). Let t = i - -9. Suppose -t*d - 168 = -5*d. What is the units digit of d?
6
Suppose 6*p + 22 - 16 = 0. Let t(m) = -190*m**3 + m**2 + 5*m + 4. What is the units digit of t(p)?
0
Suppose -28*x + 26*x + 124 = 0. Let d(y) = -2*y**2 - 5*y - 10. Let k be d(-4). Let g = k + x. What is the tens digit of g?
4
Suppose 96*y - 290466 = -23010. What is the thousands digit of y?
2
Let f = 94 - -104. Let u = 125 - 122. Suppose -51 - f = -u*v. What is the tens digit of v?
8
Suppose 3*w + 6 = 36. Suppose w*f = 5*f - g + 6206, 4*f - 4956 = -3*g. What is the units digit of f?
2
Suppose -5*q = -25, 10*q - 7*q = 5*v + 115. What is the hundreds digit of 1100/v*(-96)/5?
0
Let z(f) = 4*f**2 + 50*f - 119. What is the ten thousands digit of z(54)?
1
Let n = -8 - -23. Suppose 2*w = -k - n, 3 + 9 = -3*w. Let c = k - -14. What is the units digit of c?
7
Suppose x - 5*x = -8. Suppose -5*a + 76 = -x*z, 5*a - a = -2*z - 76. What is the units digit of (-1)/(3 - z/(-12))?
6
Let c be 2/(-4*(-7)/28). Suppose 14*t = -c*t + 10192. What is the units digit of t?
7
Let a be (-96)/(-10)*(-30)/9. Let n = -89 - 29. Let z = a - n. What is the units digit of z?
6
Let l be 8757/(-378) - (7/(-6) + 1). Let h(o) = o**3 - 5*o**2 + 4*o + 1. Let p be h(3). What is the units digit of l*(-1)/5 - (-3)/p?
4
Let s(b) = -15607*b - 5373. What is the units digit of s(-3)?
8
Let d(o) = -o**3 - 17*o**2 + 21*o - 15. Let k be d(-18). Let y = k + 74. Suppose -326 = -y*t - 4*z, t + z - 3*z = 54. What is the units digit of t?
2
Suppose 0 = -4*n - 2*p + 33458, -15*p + 25081 = 3*n - 16*p. What is the units digit of (8 + -2)/(111/n)?
2
What is the hundreds digit of -5*(-1424 + (-4)/(28/49)) - 9?
1
Suppose -3*t = -2*g - 458, 761 = 2*t + 3*t - g. Let j = t + -89. What is the units digit of j - (-1 + 4/(-4))?
5
Let i = 735 + -730. Suppose -i*l + 5691 = 3*n + 37, 4*l = 5*n + 4538. What is the tens digit of l?
3
Let a(y) = 287*y - 505. What is the units digit of a(6)?
7
Suppose 81390 = 3*f - 2*i + 26977, -72544 = -4*f - 4*i. What is the tens digit of f?
3
Let g be 4*((-3)/2)/(42/(-14)). Let x be g + (-4)/(-1) - 3. Let n(q) = 39*q - 10. What is the units digit of n(x)?
7
Suppose 7*r = 9*r - 10. Let g(d) = -3*d + 22. Let b be g(r). What is the units digit of 83 + b/(-5) + 8/20?
2
Suppose 4*n + 9206 = 5*o, 6391 = 4*o + 4*n - 945. Let t = -490 + o. What is the thousands digit of t?
1
Let m be ((-22)/(-4))/(8/32). Let q(u) = 2*u**2 + 14*u + 13. Let a be q(-6). What is the hundreds digit of (a/1 - -6)*(m + -3)?
1
What is the units digit of (139/(-417))/((-33470)/33468 + 1)?
8
Let b(m) = -m**3 + 7*m**2 - 4*m - 6. Let i be b(6). Let p be (-3)/2 - (-33)/i. What is the tens digit of 12/(-16)*-1 + 65/p?
1
Let p(z) be the first derivative of 5*z**2/2 + 24*z + 35. Let v be p(-4). Suppose -v*t = 6*o - 5*o - 966, -5*o - 978 = -4*t. What is the units digit of t?
2
Let b(f) = -f**3 - 9*f**2 + 68*f - 25. Let d be b(-14). Suppose 4 = 2*t, -2*c - d*c = t - 1877. What is the hundreds digit of c?
3
Let n be (-7924)/56*(0 + 4). What is the units digit of 10/6 + (-35)/21 - n?
6
Let d(u) = 12*u**2 - 3*u - 59. Let q = 435 + -425. What is the units digit of d(q)?
1
Let h be (-5)/(20/(-24)) + (2 - 1). Suppose 414 = h*g + 11*g. What is the tens digit of g?
2
Let p(q) = 1441*q**3 + 2*q**2 - 4*q + 4. Let i be p(2). Suppose 5*c = 3527 - i. What is the units digit of c/(-6) - 10/(-60)?
7
Let f = -4126 - -4697. What is the hundreds digit of f?
5
Let g(k) = -461*k + 4977. What is the ten thousands digit of g(-53)?
2
Suppose 2*k + 4*k = 0. Suppose a + 170 = 3*a. Suppose -q + 4*b - 17 = -2*q, -4*q + b + a = k. What is the tens digit of q?
2
Let x = -91 - -93. Suppose -3*l + 12 = 0, u + x*l - 8 = 6*u. What is the units digit of (-37)/((u + 3)/(-12))?
8
Suppose -4080 = -12*j + 6*j. Let z = j - 311. What is the tens digit of z?
6
Let u(j) = -22*j + 1534. What is the units digit of u(-42)?
8
Suppose 2*c = -4*p - 2*p + 28566, -9536 = -2*p + 4*c. Suppose -9*f + p = -2213. What is the hundreds digit of f?
7
Let g(i) = -10*i**2 - 1204*i - 5. What is the ten thousands digit of g(-70)?
3
Let b = -264 + 264. Let f(n) = 2*n**2 - 9*n + 410. What is the hundreds digit of f(b)?
4
Suppose 5*k = -15, -4*t - 2 = 3*k - 13. Suppose w - 5*r = -10*r + 34, 0 = 2*w - t*r - 113. What is the units digit of w?
9
Suppose 20 = 2*t - 5*a, -23*a + 19*a + 7 = 3*t. Suppose -x = -t*h + 5387, 2*x - x = -4*h + 4315. What is the thousands digit of h?
1
Let z(b) = 102*b + 15667. What is the tens digit of z(0)?
6
Suppose -14*o - 17*o - 929390 = -116*o. What is the thousands digit of o?
0
What is the thousands digit of (-3855)/(-257) + 8249*1?
8
Let a = 15392 + -8764. What is the tens digit of a?
2
What is the tens digit of -20*27/(405/(-4080))?
4
Suppose 119968 = 37*a - 23839 - 49777. What is the hundreds digit of a?
2
Let r(x) = 4*x**2 + 81*x - 944. What is the hundreds digit of r(40)?
6
Suppose -3*d = -5*m + 8, -3*d + 32 = 8*m - 3*m. Suppose -2*t = -3*l + 3, 5 = t + m*l + 1. Suppose t = 16*y - 19*y + 882. What is the units digit of y?
4
Suppose 2949 = 4*r + t, 0 = 5*t - 18 + 13. Suppose d - 4*d + k + 2239 = 0, -d + r = 2*k. What is the hundreds digit of d?
7
Suppose 236*i - 242*i = -39186. What is the units digit of i?
1
Suppose -4*o = -5*g - 254, -4*o - 232 = 10*g - 6*g. Let n = g + 147. What is the tens digit of n?
9
Let s(m) = -4*m + 14. Let y(q) = q**2 - 16*q - 10. Let p(z) = z**3 + 14*z**2 + 23*z + 4. Let b be p(-12). Let k be y(b). What is the tens digit of s(k)?
5
Let j(d) = -76*d**3 - 4*d**2 - 4*d - 39. What is the tens digit of j(-4)?
7
Suppose 0 = 5*b - 5, -b = 2*g - 0 - 7. Let a(m) = 27*m**3 - 7*m**2 + 5*m + 6. What is the hundreds digit of a(g)?
6
Let t = 3 - 1. Let o = -473 - -529. Suppose -16 = -t*f + o. What is the tens digit of f?
3
Let d = 14735 + -5917. What is the units digit of d?
8
Let p be 5/(-2)*5/(10/(-12)). Suppose 13*x = p*x - 420. Suppose 4*s + x = 550. What is the tens digit of s?
8
Suppose 0 = 5*j + 20, -9*h + 49980 = -7*h - j. What is the ten thousands digit of h?
2
Let k(j) = 3*j**2 - 3*j + 4380. What is the hundreds digit of k(-118)?
5
What is the thousands digit of -1 + ((-700)/(-21))/(-4)*-3207?
6
Suppose -43244 = -566*h + 547*h. What is the units digit of h?
6
What is the units digit of (40222 + 90)/((-4)/(-5))?
0
Let g(f) = 4*f + 3*f + 7*f**2 + 2*f**3 + 3*f - 11*f. Let n be g(-3). What is the units digit of (-696)/(-20)*2/(n/15)?
7
Suppose 3*h = -5*i + 60, 4*h + i - 92 = -29. Suppose -3*j - h*j = -10332. What is the tens digit of j?
7
Suppose 26*k = 31*k. Suppose h - 633 - 287 = k. What is the hundreds digit of h?
9
Suppose 0*c + 136461 = 3*c - 3*n, 0 = -2*c - n + 90983. What is the ten thousands digit of c?
4
Let f(i) = -923*i - 6. Let s(h) = -308*h - 2. Let w(c) = -3*f(c) + 8*s(c). Let n be w(1). Let v = n - 164. What is the hundreds digit of v?
1
Suppose -3*y + 5*g - 163 = -0*y, -4*y + 5*g = 224. Suppose -7*z - f - 43 = -6*z, -4*z - 3*f = 173. Let x = z - y. What is the units digit of x?
7
Suppose 9 = -d - 2*x + 1, -5*x = 20. Let g be (-173 - (0 - d))/(15 - 14). Let z = g - -290. What is the units digit of z?
7
Suppose -2*o - 262 = 5*a, 3*a + o + 16 + 141 = 0. Let g = a - -132. What is the tens digit of 0 - (-4 - (1 + g))?
8
Let c be ((-1222)/14 - 1) + 84/294. Let r = c + 115. What is the hundreds digit of (-6)/27 - (-2733)/r?
1
Let f be (1701 - -33)*4/6. Suppose -999 = -5*l + f. What is the tens digit of l?
3
Let z(l) be the third derivative of -l**4/24 - 7*l**3/6 - 2*l**2. Let y be -3*((-3)/5 + (-436)/(-60)). What is the tens digit of z(y)?
1
Suppose -18*g + 7506 = 9*g. What is the hundreds digit of g + -14 + 4*(-1)/(-2)?
2
Suppose 5*b = -n + 1165, -5*n + 115 = -2*b + 581. Suppose -10*k = -b - 207. Let z = k + 15. What is the units digit of z?
9
Let q(j) = 111*j + 18. Let b(s) = -s**3 + 3*s**2 + 2*s. Let c be b(3). What is the units digit of q(c)?
4
Let t(d) = -103*d**3 - d**2 - 21*d - 11. What is the hundreds digit of t(-5)?
9
Suppose 26*c + 4428 = 30*c. Suppose 0*k + c = 3*k. What is the tens digit of k?
6
What is the units digit of (-9 + 1368/10)*(177 - 2)?
5
Let h = 76 - -303. Suppose 2*x - 1893 = -h. What is the units digit of x?
7
Let p = 6 - -70. Let n be 78/(-10) - (4 - p/20). Let i(f) = -27*f - 33. What is the hundreds digit of i(